 -2*l = -3*j + 15. Let p(o) = -o**2 - 8*o - 3. List the prime factors of p(l).
3
Suppose -2*n = -4 - 6. What are the prime factors of n?
5
Suppose k + 64 = 2*a + 2*k, a - 4*k = 50. List the prime factors of a.
2, 17
Let a(h) = -8*h - 7. Let p(v) = -v - 1. Let n(u) = a(u) - 4*p(u). Let t(s) = s**2 - 6*s - 10. Let o be t(7). List the prime factors of n(o).
3
Let t be 2/1 - 1*-9. Suppose -i + 1 + t = 0. List the prime factors of i.
2, 3
Let s be -1*1/(-3 - -2). Let n be 1 + s/(-2 - -3). Suppose -n*t + 7*t = 90. List the prime factors of t.
2, 3
What are the prime factors of 141/(-1)*(1 - 24/18)?
47
Let a be (3/(-6) - -1)*4. Suppose 0 = -a*j + 5*j - 45. List the prime factors of j.
3, 5
Let j(n) = -n**3 - 10*n**2 - 10*n - 5. Let u be j(-9). Suppose -3*q - 46 = -u*q. List the prime factors of q.
2, 23
Let l be 3/((2/3)/2). Suppose 0 = -3*x + 4*j + 38, 4*j - j = -x - l. List the prime factors of x.
2, 3
Suppose 8577 + 2339 = -4*s - 2*q, s + 2722 = 3*q. What are the prime factors of (-4)/(-14) + s/(-56)?
7
Let t = 0 - -4. Let j = 7 - t. Suppose -5*i + 31 = r, -j*r - 4*i = 2*r - 50. List the prime factors of r.
2, 3
Let x = -255 + 396. Suppose -4*t - 49 + x = 0. What are the prime factors of t?
23
Let s be -1 + 2 - 10/(-2). What are the prime factors of (-20)/s*6/(-5)?
2
Let u(a) = 3*a + 16 - 2 + 7*a**2 - 9 - 7. List the prime factors of u(2).
2
Suppose -m + 244 = 4*b + 3*m, -4*b + m = -219. List the prime factors of b.
2, 7
Let t = -5 - -8. Suppose 5*k = 4*r - 89, t + 1 = -r. List the prime factors of (-1)/(0 + 3/k).
7
Suppose -917 + 307 = -2*d - 3*o, 0 = -o + 2. What are the prime factors of d?
2, 151
Suppose -5*r + 3*q = -94, -2*r + 22 = -0*r + 4*q. Let s = r + 3. List the prime factors of s.
2, 5
Suppose h + 3*l + 2*l - 31 = 0, -2*h = -5*l - 122. List the prime factors of h.
3, 17
List the prime factors of (-282)/4*(8 - 84/9).
2, 47
Let p = 113 + -59. List the prime factors of p.
2, 3
Let a(q) = 3*q**3 - 18*q**2 + 16*q + 1. List the prime factors of a(7).
2, 5, 13
Suppose 4*r = -0*r. Let q(g) = g**3 - g**2 + 6. Let n be q(r). Suppose 0 = 2*f + n - 16. List the prime factors of f.
5
Let o(l) = -13*l - 2. Let b be o(-10). Suppose -s = -5*s + b. List the prime factors of s.
2
Let k be (12/(-10))/((-6)/20). Suppose -16 = 4*t + 3*h, -2*t = 2*h + 3*h + 22. Let f = t + k. What are the prime factors of f?
3
Let j be 21/(-35) - 6/(-10). Suppose j = -5*r - 5*q + 65, 4*r - 2*r = 5*q + 26. What are the prime factors of r?
13
Let t = -8 - -11. Let l(o) be the second derivative of o**4/12 - o**3/3 + 4*o. What are the prime factors of l(t)?
3
What are the prime factors of (45/5 - -2) + -2?
3
Let f be (-1)/(-4) - 45/(-12). Suppose -f*a + 7 = 27. Let z = a - -9. What are the prime factors of z?
2
Suppose 3*y = 62 + 55. What are the prime factors of y?
3, 13
Let o(d) = 52*d + 1. Let g be o(3). Let t = g - 112. What are the prime factors of t?
3, 5
Let z(g) = g**2 + 3. Let v be z(0). Suppose 0 = v*s + r - 18 - 48, -s - 5*r + 22 = 0. Let o = s + -11. List the prime factors of o.
11
Let b(g) = -30*g + 26. What are the prime factors of b(-7)?
2, 59
Suppose -3*r + 2*c - 5 = -4*r, 5*r - 3*c - 12 = 0. Suppose -t - 3 = -r*w, -5*t + 2*w = -0*t - 11. List the prime factors of t.
3
Suppose -3*m + 49 - 13 = 0. Suppose t = -3*r + 17, -5*t + m = -r - 9. Suppose 0 = 5*z - 5, -2*v + t = 5*z - 16. List the prime factors of v.
2
Suppose w = -0 + 1. Let t be -2*((-44)/8 + 3). Suppose 84 = t*y - w. List the prime factors of y.
17
Suppose 4*s = 1 - 25. List the prime factors of 110/4 + s/(-4).
29
Suppose 3*x + q = 109, -2*x - 27 + 104 = 5*q. What are the prime factors of x?
2, 3
Let t be 0/1 - (8 - 10). Suppose 0 = -t*o - 4*h + 24, 5*o = -0*o + 2*h. What are the prime factors of o?
2
Suppose 0*x = -2*x - 4. Let l be (0 - x)*(-1 + 2). Suppose 0 = i + 3, l*s = -3*s - 3*i + 31. What are the prime factors of s?
2
Suppose 4 = 2*g + 2*j - 2, -3*g = 2*j - 9. Suppose -x - g*x + 20 = 0. Suppose x*m - 42 = -2*v + 38, 64 = 4*m + 2*v. List the prime factors of m.
2
Let n(z) = z**2 + z - 2. Let f be n(-5). List the prime factors of -2 + f/2 + -1.
2, 3
Let l(y) = -7 - 5*y + 4*y - 2*y. List the prime factors of l(-8).
17
Suppose -7 - 15 = 2*w. Let g = -6 - w. Suppose g*r = 7 + 23. What are the prime factors of r?
2, 3
Let t = 0 + 52. List the prime factors of t.
2, 13
Let g(i) = -8*i**2 - 2*i - 1. Let v be g(-1). Let p = v - -36. What are the prime factors of p?
29
Let s(h) = -h**2 - 10*h - 4. Let u(b) = b + 1. Let q(z) = -s(z) - 5*u(z). Let v be q(-6). What are the prime factors of (3/(-1) - -2) + v?
2
Suppose 4*q + 288 = 2*v, 3*q = -3*v + q + 400. List the prime factors of v.
2, 17
Suppose 2*w - 3*w - 2*f = -71, -299 = -4*w - 5*f. What are the prime factors of w?
3
Let v be (-4)/6 + 32/12. Suppose 0 = 3*b - v*b - 22. Suppose 3*c = 8 + b. List the prime factors of c.
2, 5
Let p(z) be the second derivative of -z**5/20 + 5*z**4/6 + z**3/6 - z**2/2 - 3*z. List the prime factors of p(10).
3
Let a(y) = -3*y**2 + 9*y + 13. Let k(t) = 4*t**2 - 8*t - 14. Let g(w) = 5*a(w) + 4*k(w). Let n be g(-9). What are the prime factors of 2/8 - n/4?
7
Suppose -71 = -5*p - 196. Let k = p - -33. List the prime factors of k.
2
Suppose -6*n + n + 3*u + 655 = 0, -3*n + 2*u + 394 = 0. What are the prime factors of n?
2
Let c(f) = f**3 + 7*f**2 + 6*f + 3. Let y be c(-6). Let k be 5/(10/12) + -1. Suppose -2*d - k*a + 35 = 0, -y*d + 19 + 8 = -a. What are the prime factors of d?
2, 5
Let l(z) = z**2 - 10*z - 4. Suppose 0 = -t + 4*q + 2, 14 = t - q + 6. Let p be l(t). List the prime factors of 1 + -1 + (1 - p).
5
Let n = 2 + 1. Let a = n + 3. What are the prime factors of a?
2, 3
Let n(u) = -38*u**3 - u**2 + 5*u + 2. What are the prime factors of n(-2)?
2, 73
Let g = 4 + 2. List the prime factors of (-4)/g + (-33)/(-9).
3
What are the prime factors of (4 + 12/4)*1?
7
Let t = -10 + 20. Suppose 3*d + 36 = -9. List the prime factors of (-96)/d - 4/t.
2, 3
Let x(g) = -g**3 + 7*g**2 + g - 1. Let r be x(7). Suppose r*f - f = 55. What are the prime factors of f?
11
Let c = 138 - 72. List the prime factors of c.
2, 3, 11
Let t(k) = -6*k**3 + 2*k**2 - 1. Let y be t(-1). Suppose 3*z = -m, -m + 16 = -y*z + 2*z. Let q = 2 + m. What are the prime factors of q?
2
Let c(h) = h**2 - 3*h + 6. Let s(n) = n - 8. Let i be s(12). Let v be c(i). Suppose 4*u = -u + v. What are the prime factors of u?
2
Suppose 4*x - 86 = 3*z, -8*x + 88 = -4*x - 2*z. What are the prime factors of x?
23
Suppose n + 31 = -3*x, 223 = -4*n + 3*x + 39. Let c = 70 + n. List the prime factors of c.
3
Let q be (-6)/2*(-532)/(-57). Let u = -6 - q. List the prime factors of u.
2, 11
Let g = 45 + -19. What are the prime factors of g?
2, 13
Suppose -2*n + 6*n - 2*j = 4, -5*j = 3*n - 29. Let d = n + 11. List the prime factors of d.
2, 7
Let f = -11 + 47. List the prime factors of f.
2, 3
Let w(v) = v**2 - 6*v + 12. What are the prime factors of w(9)?
3, 13
Suppose -4*k - k = o + 11, 0 = -3*o - 4*k - 22. List the prime factors of 3/(0 - o/88).
2, 11
Suppose -50*i + 432 = -44*i. What are the prime factors of i?
2, 3
Let y = -127 - -65. Let t = -33 - y. What are the prime factors of t?
29
Let t be 21*-1*1/(-3). Suppose f + o = -2, -3*f + 26 = -2*o - 3*o. Suppose -t = f*j - 27. List the prime factors of j.
2, 5
Suppose 2*b + 87 + 39 = 0. Let o = b - -104. List the prime factors of o.
41
Let a(k) be the first derivative of -k**4/4 - 2*k**3 - k**2 - 4*k + 2. Let c be a(-6). Let j = c + -2. What are the prime factors of j?
2, 3
Suppose -26 = -5*w + 24. What are the prime factors of w?
2, 5
Suppose 0 = 4*h - 4 - 8. Suppose -2*w + 10 = h*w. List the prime factors of w.
2
Let m = -1 + 3. Let n be (84 - 0) + (-3 - -1). Suppose -5*i + n = -4*c, -5*c - 71 = -2*i - m*i. What are the prime factors of i?
2, 7
Let v = 159 + -68. What are the prime factors of v?
7, 13
Let q(d) = 166*d + 10. What are the prime factors of q(1)?
2, 11
Let p = 17 - 2. List the prime factors of (-6)/4*(-100)/p.
2, 5
What are the prime factors of (82/8)/(1/4)?
41
Suppose -3*p - 105 = -6*p. What are the prime factors of p?
5, 7
Let w be 3*(-8)/12*-16. Let r = 80 - w. What are the prime factors of r?
2, 3
Let a(g) = -71*g + 2. List the prime factors of a(-1).
73
Let f(m) = m**3 - 3*m**2 - 3*m - 1. Let o = 5 - 1. Let z b